{"id":4283,"date":"2021-11-28T09:11:00","date_gmt":"2021-11-28T08:11:00","guid":{"rendered":"https:\/\/jornalocrime.com\/?page_id=4283"},"modified":"2021-11-28T09:11:00","modified_gmt":"2021-11-28T08:11:00","slug":"tribunal-supremo-confirma-pena-de-prisao-de-zenu","status":"publish","type":"page","link":"https:\/\/jornalocrime.com\/ilnes\/tribunal-supremo-confirma-pena-de-prisao-de-zenu\/","title":{"rendered":"Tribunal Supremo confirma pena de pris\u00e3o de Zenu"},"content":{"rendered":"<p style=\"text-align: justify;\"><strong>O Tribunal Supremo confirmou a pena de pris\u00e3o ao filho do ex-Presidente da Rep\u00fablica, Jos\u00e9 Eduardo Santos, que ficar\u00e1 na cadeia nos pr\u00f3ximos cinco anos, depois de um per\u00edodo de pena suspensa.<\/strong><\/p>\n<p style=\"text-align: justify;\">O Tribunal Supremo confirmou, na quinta-feira 26, a pena de cinco anos de pris\u00e3o aplicada a Jos\u00e9 Filomeno dos Santos. Depois de a pena ter sido suspensa.<\/p>\n<p style=\"text-align: justify;\">O Tribunal reconsiderou a decis\u00e3o, devendo o ex-presidente do Fundo Soberano ser conduzido \u00e0 pris\u00e3o.<\/p>\n<p style=\"text-align: justify;\">Em 2020, Zenu dos Santos viu ditada pelo tribunal a senten\u00e7a de cinco anos de pris\u00e3o, na sequ\u00eancia das acusa\u00e7\u00f5es dos crimes de burla por defrauda\u00e7\u00e3o na forma continuada, peculato e tr\u00e1fico de influ\u00eancia. No crime de burla por defrauda\u00e7\u00e3o foi aplicada a pena de 4 anos de pris\u00e3o maior, enquanto no de tr\u00e1fico de influ\u00eancia a dois, num c\u00famulo jur\u00eddico de 5 anos.<\/p>\n<p style=\"text-align: justify;\">O processo inclui uma transfer\u00eancia irregular de 500 milh\u00f5es de d\u00f3lares do Banco Central angolano, para conta de uma empresa privada estrangeira, sediada em Londres, com o objectivo de constituir um fundo de investimento estrat\u00e9gico para financiar projectos estruturantes em Angola<\/p>\n","protected":false},"excerpt":{"rendered":"<p>O Tribunal Supremo confirmou a pena de pris\u00e3o ao filho do ex-Presidente da Rep\u00fablica, Jos\u00e9 Eduardo Santos, que ficar\u00e1 na cadeia nos pr\u00f3ximos cinco anos, depois de um per\u00edodo de pena suspensa. O Tribunal Supremo confirmou, na quinta-feira 26, a pena de cinco anos de pris\u00e3o aplicada a Jos\u00e9 Filomeno dos Santos. Depois de a pena ter sido suspensa. O Tribunal reconsiderou a decis\u00e3o, devendo o ex-presidente do Fundo Soberano ser conduzido \u00e0 pris\u00e3o. Em 2020, Zenu dos Santos viu ditada pelo tribunal a senten\u00e7a de cinco anos de pris\u00e3o, na sequ\u00eancia das acusa\u00e7\u00f5es dos crimes de burla por defrauda\u00e7\u00e3o [&hellip;]<\/p>\n","protected":false},"author":7,"featured_media":4280,"parent":0,"menu_order":0,"comment_status":"closed","ping_status":"closed","template":"","meta":{"footnotes":""},"class_list":["post-4283","page","type-page","status-publish","has-post-thumbnail","hentry"],"yoast_head":"<!-- This site is optimized with the Yoast SEO plugin v27.4 - https:\/\/yoast.com\/product\/yoast-seo-wordpress\/ -->\n<title>Tribunal Supremo confirma pena de pris\u00e3o de Zenu - Jornal O Crime<\/title>\n<meta name=\"robots\" content=\"index, follow, max-snippet:-1, max-image-preview:large, max-video-preview:-1\" \/>\n<link rel=\"canonical\" href=\"https:\/\/jornalocrime.com\/ilnes\/tribunal-supremo-confirma-pena-de-prisao-de-zenu\/\" \/>\n<meta property=\"og:locale\" content=\"pt_PT\" \/>\n<meta property=\"og:type\" content=\"article\" \/>\n<meta property=\"og:title\" content=\"Tribunal Supremo confirma pena de pris\u00e3o de Zenu - Jornal O Crime\" \/>\n<meta property=\"og:description\" content=\"O Tribunal Supremo confirmou a pena de pris\u00e3o ao filho do ex-Presidente da Rep\u00fablica, Jos\u00e9 Eduardo Santos, que ficar\u00e1 na cadeia nos pr\u00f3ximos cinco anos, depois de um per\u00edodo de pena suspensa. O Tribunal Supremo confirmou, na quinta-feira 26, a pena de cinco anos de pris\u00e3o aplicada a Jos\u00e9 Filomeno dos Santos. Depois de a pena ter sido suspensa. O Tribunal reconsiderou a decis\u00e3o, devendo o ex-presidente do Fundo Soberano ser conduzido \u00e0 pris\u00e3o. Em 2020, Zenu dos Santos viu ditada pelo tribunal a senten\u00e7a de cinco anos de pris\u00e3o, na sequ\u00eancia das acusa\u00e7\u00f5es dos crimes de burla por defrauda\u00e7\u00e3o [&hellip;]\" \/>\n<meta property=\"og:url\" content=\"https:\/\/jornalocrime.com\/ilnes\/tribunal-supremo-confirma-pena-de-prisao-de-zenu\/\" \/>\n<meta property=\"og:site_name\" content=\"Jornal O Crime\" \/>\n<meta property=\"og:image\" content=\"https:\/\/jornalocrime.com\/ilnes\/wp-content\/uploads\/2021\/11\/A2D6E9D3-CFFD-4F7D-A5AC-4B4B20D60DF7.jpeg\" \/>\n\t<meta property=\"og:image:width\" content=\"750\" \/>\n\t<meta property=\"og:image:height\" content=\"575\" \/>\n\t<meta property=\"og:image:type\" content=\"image\/jpeg\" \/>\n<meta name=\"twitter:card\" content=\"summary_large_image\" \/>\n<meta name=\"twitter:label1\" content=\"Est. reading time\" \/>\n\t<meta name=\"twitter:data1\" content=\"1 minuto\" \/>\n<script type=\"application\/ld+json\" class=\"yoast-schema-graph\">{\"@context\":\"https:\\\/\\\/schema.org\",\"@graph\":[{\"@type\":\"WebPage\",\"@id\":\"https:\\\/\\\/jornalocrime.com\\\/ilnes\\\/tribunal-supremo-confirma-pena-de-prisao-de-zenu\\\/\",\"url\":\"https:\\\/\\\/jornalocrime.com\\\/ilnes\\\/tribunal-supremo-confirma-pena-de-prisao-de-zenu\\\/\",\"name\":\"Tribunal Supremo confirma pena de pris\u00e3o de Zenu - Jornal O Crime\",\"isPartOf\":{\"@id\":\"https:\\\/\\\/jornalocrime.com\\\/ilnes\\\/#website\"},\"primaryImageOfPage\":{\"@id\":\"https:\\\/\\\/jornalocrime.com\\\/ilnes\\\/tribunal-supremo-confirma-pena-de-prisao-de-zenu\\\/#primaryimage\"},\"image\":{\"@id\":\"https:\\\/\\\/jornalocrime.com\\\/ilnes\\\/tribunal-supremo-confirma-pena-de-prisao-de-zenu\\\/#primaryimage\"},\"thumbnailUrl\":\"https:\\\/\\\/jornalocrime.com\\\/ilnes\\\/wp-content\\\/uploads\\\/2021\\\/11\\\/A2D6E9D3-CFFD-4F7D-A5AC-4B4B20D60DF7.jpeg\",\"datePublished\":\"2021-11-28T08:11:00+00:00\",\"breadcrumb\":{\"@id\":\"https:\\\/\\\/jornalocrime.com\\\/ilnes\\\/tribunal-supremo-confirma-pena-de-prisao-de-zenu\\\/#breadcrumb\"},\"inLanguage\":\"pt-AO\",\"potentialAction\":[{\"@type\":\"ReadAction\",\"target\":[\"https:\\\/\\\/jornalocrime.com\\\/ilnes\\\/tribunal-supremo-confirma-pena-de-prisao-de-zenu\\\/\"]}]},{\"@type\":\"ImageObject\",\"inLanguage\":\"pt-AO\",\"@id\":\"https:\\\/\\\/jornalocrime.com\\\/ilnes\\\/tribunal-supremo-confirma-pena-de-prisao-de-zenu\\\/#primaryimage\",\"url\":\"https:\\\/\\\/jornalocrime.com\\\/ilnes\\\/wp-content\\\/uploads\\\/2021\\\/11\\\/A2D6E9D3-CFFD-4F7D-A5AC-4B4B20D60DF7.jpeg\",\"contentUrl\":\"https:\\\/\\\/jornalocrime.com\\\/ilnes\\\/wp-content\\\/uploads\\\/2021\\\/11\\\/A2D6E9D3-CFFD-4F7D-A5AC-4B4B20D60DF7.jpeg\",\"width\":750,\"height\":575},{\"@type\":\"BreadcrumbList\",\"@id\":\"https:\\\/\\\/jornalocrime.com\\\/ilnes\\\/tribunal-supremo-confirma-pena-de-prisao-de-zenu\\\/#breadcrumb\",\"itemListElement\":[{\"@type\":\"ListItem\",\"position\":1,\"name\":\"In\u00edcio\",\"item\":\"https:\\\/\\\/jornalocrime.com\\\/ilnes\\\/\"},{\"@type\":\"ListItem\",\"position\":2,\"name\":\"Tribunal Supremo confirma pena de pris\u00e3o de Zenu\"}]},{\"@type\":\"WebSite\",\"@id\":\"https:\\\/\\\/jornalocrime.com\\\/ilnes\\\/#website\",\"url\":\"https:\\\/\\\/jornalocrime.com\\\/ilnes\\\/\",\"name\":\"Jornal o Crime\",\"description\":\"Portal Angolano de Not\u00edcias\",\"potentialAction\":[{\"@type\":\"SearchAction\",\"target\":{\"@type\":\"EntryPoint\",\"urlTemplate\":\"https:\\\/\\\/jornalocrime.com\\\/ilnes\\\/?s={search_term_string}\"},\"query-input\":{\"@type\":\"PropertyValueSpecification\",\"valueRequired\":true,\"valueName\":\"search_term_string\"}}],\"inLanguage\":\"pt-AO\"}]}<\/script>\n<!-- \/ Yoast SEO plugin. -->","yoast_head_json":{"title":"Tribunal Supremo confirma pena de pris\u00e3o de Zenu - Jornal O Crime","robots":{"index":"index","follow":"follow","max-snippet":"max-snippet:-1","max-image-preview":"max-image-preview:large","max-video-preview":"max-video-preview:-1"},"canonical":"https:\/\/jornalocrime.com\/ilnes\/tribunal-supremo-confirma-pena-de-prisao-de-zenu\/","og_locale":"pt_PT","og_type":"article","og_title":"Tribunal Supremo confirma pena de pris\u00e3o de Zenu - Jornal O Crime","og_description":"O Tribunal Supremo confirmou a pena de pris\u00e3o ao filho do ex-Presidente da Rep\u00fablica, Jos\u00e9 Eduardo Santos, que ficar\u00e1 na cadeia nos pr\u00f3ximos cinco anos, depois de um per\u00edodo de pena suspensa. O Tribunal Supremo confirmou, na quinta-feira 26, a pena de cinco anos de pris\u00e3o aplicada a Jos\u00e9 Filomeno dos Santos. Depois de a pena ter sido suspensa. O Tribunal reconsiderou a decis\u00e3o, devendo o ex-presidente do Fundo Soberano ser conduzido \u00e0 pris\u00e3o. Em 2020, Zenu dos Santos viu ditada pelo tribunal a senten\u00e7a de cinco anos de pris\u00e3o, na sequ\u00eancia das acusa\u00e7\u00f5es dos crimes de burla por defrauda\u00e7\u00e3o [&hellip;]","og_url":"https:\/\/jornalocrime.com\/ilnes\/tribunal-supremo-confirma-pena-de-prisao-de-zenu\/","og_site_name":"Jornal O Crime","og_image":[{"width":750,"height":575,"url":"https:\/\/jornalocrime.com\/ilnes\/wp-content\/uploads\/2021\/11\/A2D6E9D3-CFFD-4F7D-A5AC-4B4B20D60DF7.jpeg","type":"image\/jpeg"}],"twitter_card":"summary_large_image","twitter_misc":{"Est. reading time":"1 minuto"},"schema":{"@context":"https:\/\/schema.org","@graph":[{"@type":"WebPage","@id":"https:\/\/jornalocrime.com\/ilnes\/tribunal-supremo-confirma-pena-de-prisao-de-zenu\/","url":"https:\/\/jornalocrime.com\/ilnes\/tribunal-supremo-confirma-pena-de-prisao-de-zenu\/","name":"Tribunal Supremo confirma pena de pris\u00e3o de Zenu - Jornal O Crime","isPartOf":{"@id":"https:\/\/jornalocrime.com\/ilnes\/#website"},"primaryImageOfPage":{"@id":"https:\/\/jornalocrime.com\/ilnes\/tribunal-supremo-confirma-pena-de-prisao-de-zenu\/#primaryimage"},"image":{"@id":"https:\/\/jornalocrime.com\/ilnes\/tribunal-supremo-confirma-pena-de-prisao-de-zenu\/#primaryimage"},"thumbnailUrl":"https:\/\/jornalocrime.com\/ilnes\/wp-content\/uploads\/2021\/11\/A2D6E9D3-CFFD-4F7D-A5AC-4B4B20D60DF7.jpeg","datePublished":"2021-11-28T08:11:00+00:00","breadcrumb":{"@id":"https:\/\/jornalocrime.com\/ilnes\/tribunal-supremo-confirma-pena-de-prisao-de-zenu\/#breadcrumb"},"inLanguage":"pt-AO","potentialAction":[{"@type":"ReadAction","target":["https:\/\/jornalocrime.com\/ilnes\/tribunal-supremo-confirma-pena-de-prisao-de-zenu\/"]}]},{"@type":"ImageObject","inLanguage":"pt-AO","@id":"https:\/\/jornalocrime.com\/ilnes\/tribunal-supremo-confirma-pena-de-prisao-de-zenu\/#primaryimage","url":"https:\/\/jornalocrime.com\/ilnes\/wp-content\/uploads\/2021\/11\/A2D6E9D3-CFFD-4F7D-A5AC-4B4B20D60DF7.jpeg","contentUrl":"https:\/\/jornalocrime.com\/ilnes\/wp-content\/uploads\/2021\/11\/A2D6E9D3-CFFD-4F7D-A5AC-4B4B20D60DF7.jpeg","width":750,"height":575},{"@type":"BreadcrumbList","@id":"https:\/\/jornalocrime.com\/ilnes\/tribunal-supremo-confirma-pena-de-prisao-de-zenu\/#breadcrumb","itemListElement":[{"@type":"ListItem","position":1,"name":"In\u00edcio","item":"https:\/\/jornalocrime.com\/ilnes\/"},{"@type":"ListItem","position":2,"name":"Tribunal Supremo confirma pena de pris\u00e3o de Zenu"}]},{"@type":"WebSite","@id":"https:\/\/jornalocrime.com\/ilnes\/#website","url":"https:\/\/jornalocrime.com\/ilnes\/","name":"Jornal o Crime","description":"Portal Angolano de Not\u00edcias","potentialAction":[{"@type":"SearchAction","target":{"@type":"EntryPoint","urlTemplate":"https:\/\/jornalocrime.com\/ilnes\/?s={search_term_string}"},"query-input":{"@type":"PropertyValueSpecification","valueRequired":true,"valueName":"search_term_string"}}],"inLanguage":"pt-AO"}]}},"_links":{"self":[{"href":"https:\/\/jornalocrime.com\/ilnes\/wp-json\/wp\/v2\/pages\/4283","targetHints":{"allow":["GET"]}}],"collection":[{"href":"https:\/\/jornalocrime.com\/ilnes\/wp-json\/wp\/v2\/pages"}],"about":[{"href":"https:\/\/jornalocrime.com\/ilnes\/wp-json\/wp\/v2\/types\/page"}],"author":[{"embeddable":true,"href":"https:\/\/jornalocrime.com\/ilnes\/wp-json\/wp\/v2\/users\/7"}],"replies":[{"embeddable":true,"href":"https:\/\/jornalocrime.com\/ilnes\/wp-json\/wp\/v2\/comments?post=4283"}],"version-history":[{"count":0,"href":"https:\/\/jornalocrime.com\/ilnes\/wp-json\/wp\/v2\/pages\/4283\/revisions"}],"wp:featuredmedia":[{"embeddable":true,"href":"https:\/\/jornalocrime.com\/ilnes\/wp-json\/wp\/v2\/media\/4280"}],"wp:attachment":[{"href":"https:\/\/jornalocrime.com\/ilnes\/wp-json\/wp\/v2\/media?parent=4283"}],"curies":[{"name":"wp","href":"https:\/\/api.w.org\/{rel}","templated":true}]}}